culate l(148).
13
Let v(j) = -1636*j + 29465. What is v(18)?
17
Let d(b) = -2*b**3 + 89*b**2 - 925*b - 58. What is d(23)?
1414
Let v(a) = a**2 - 608*a + 52458. What is v(104)?
42
Let v(j) = j**3 + 38*j**2 - 800*j - 3598. What is v(-52)?
146
Let s(w) = 2052*w + 12551. What is s(-6)?
239
Let j(i) = 3093*i - 2192940. Determine j(709).
-3
Let t(d) = 245*d**2 + 26206*d - 1109. Give t(-107).
-146
Let k(b) = -b**3 + 25*b**2 - 70*b + 197. What is k(18)?
1205
Let w(t) = 14*t**3 - 44*t**2 - 3*t + 62. Calculate w(2).
-8
Let v(i) = -4*i**2 + 178650*i + 357304. Give v(-2).
-12
Let u(i) = -i**3 - 11*i**2 + 521*i + 6714. Determine u(-14).
8
Let h(l) = 132*l**3 + 8840*l**2 - 270*l - 144. Determine h(-67).
-10
Let h(w) = 64*w**2 - 54191*w + 269356. Calculate h(5).
1
Let i(r) = -2937*r + 7028. Give i(2).
1154
Let i(c) = -c**2 + 1214*c + 4884. Calculate i(-4).
12
Let r(w) = w**3 + 1936*w**2 - 29267*w + 51. What is r(15)?
21
Let h(z) = 43930*z + 790589. Determine h(-18).
-151
Let a(p) = p**3 + 45*p**2 - 313*p + 63. What is a(-51)?
420
Let h(t) = -7214*t + 43330. Determine h(6).
46
Let h(b) = -2*b**3 - 25*b**2 + 46*b - 316. Give h(-15).
119
Let h(r) = -907*r**2 - 345564*r + 1135. Calculate h(-381).
-8
Let t(i) = 2*i**3 + 37*i**2 - 49760*i - 896006. Give t(-18).
-2
Let u(q) = -q**3 - 5*q**2 - 22*q - 1698. What is u(0)?
-1698
Let d(k) = 2*k**2 - 568*k + 39698. Calculate d(126).
-118
Let c(y) = -y**3 + 35*y**2 - 287*y + 7357. Give c(33).
64
Let b(a) = -6*a**3 + 632*a**2 - 167*a - 4514. Give b(105).
1
Let x(l) = 2128*l + 17156. Calculate x(-8).
132
Let j(i) = 124*i - 10219. Give j(84).
197
Let p(u) = -12025*u**2 + 111*u + 7. Give p(0).
7
Let m(r) = -r**3 + 49*r**2 - 24*r + 508. Calculate m(49).
-668
Let q(h) = 2*h**3 + 629*h**2 + 25157*h + 478. Give q(-47).
-86
Let o(v) = -250*v**3 - v**2 + 319*v + 942. Give o(-3).
6726
Let u(k) = -236*k**3 + 1405*k**2 - k - 17. What is u(6)?
-419
Let f(k) = -5219*k - 4477884. Give f(-858).
18
Let p(y) = y**3 + 21*y**2 - 2437*y - 46930. Determine p(-19).
95
Let v(k) = -k**3 + 189*k**2 - 177*k - 2079. Give v(188).
-11
Let b(j) = -j**3 - 27*j**2 - 55*j + 92. What is b(-23)?
-759
Let n(d) = -17*d**3 + 3985*d**2 - 5588*d - 910. What is n(233)?
22
Let b(d) = 1139*d + 1765. What is b(0)?
1765
Let p(x) = x**3 + 103*x**2 + 786*x + 2473. Calculate p(-95).
3
Let d(q) = q**3 - 566*q**2 + 3125*q - 1126303. Give d(564).
5
Let p(j) = -83*j - 1736. Calculate p(-18).
-242
Let d(c) = -6014*c + 78240. Calculate d(13).
58
Let h(u) = 1896*u - 140893. Calculate h(74).
-589
Let o(t) = -3*t**2 - 26*t + 5584. Give o(39).
7
Let q(u) = -5*u**3 + 2*u**2 - 103*u + 1912. Calculate q(0).
1912
Let u(v) = -v**2 + 1377*v - 36361. What is u(27)?
89
Let l(z) = z**3 - 91*z**2 + 843*z + 2954. Give l(80).
-6
Let m(p) = 34*p**3 - 335*p**2 - 53*p - 41. What is m(10)?
-71
Let l(a) = -648*a + 3757. Calculate l(4).
1165
Let i(x) = 52825*x + 3222382. Give i(-61).
57
Let z(q) = q**3 - 30*q**2 + 212*q - 4355. Calculate z(28).
13
Let a(u) = -410*u**3 - 33*u**2 + 77*u - 74. Give a(1).
-440
Let l(u) = -19475*u + 175278. Determine l(9).
3
Let x(k) = -26*k**2 - 237*k - 592. Determine x(-3).
-115
Let a(o) = 3*o**3 + 119*o**2 + 695*o + 16. Calculate a(-6).
-518
Let u(l) = 29*l**3 + 92*l**2 - 21*l - 11. Determine u(-5).
-1231
Let p(o) = -573*o + 17085. Give p(30).
-105
Let f(t) = 3*t**3 + 10*t**2 - 153*t - 1206. Calculate f(-8).
-878
Let b(t) = 5441*t + 16527. Give b(-3).
204
Let j(k) = 5466*k**2 - 683249*k - 138. Calculate j(125).
-13
Let s(l) = l**3 - 36*l**2 - 30*l - 3112. What is s(39)?
281
Let l(z) = 20*z - 958. Calculate l(49).
22
Let g(n) = -n**3 + 457*n**2 + 448*n + 5216. Determine g(458).
636
Let h(d) = d**3 - 111*d**2 + 2859*d + 6. Calculate h(41).
-445
Let g(z) = 2*z**3 + 92*z**2 - 723*z - 206. Calculate g(-53).
-1213
Let a(v) = 9*v**2 - 14*v - 16. What is a(8)?
448
Let c(y) = -3*y - 30. Give c(18).
-84
Let k(g) = -207*g - 37362. Calculate k(-180).
-102
Let f(x) = 13*x**3 + 54*x**2 - 101*x - 437. What is f(-4)?
-1
Let p(c) = 60*c**2 + 4436*c - 266. Calculate p(-74).
30
Let m(q) = -3*q**3 + 675*q**2 - 35181*q + 261. Determine m(82).
15
Let h(x) = 9*x**2 - 870*x + 5474. Determine h(90).
74
Let q(h) = 14244*h + 199455. Determine q(-14).
39
Let u(z) = 5882*z + 252946. Calculate u(-43).
20
Let z(r) = r**3 - 19*r**2 + 40*r + 83. Calculate z(16).
-45
Let d(a) = a**3 - 62*a**2 + 77*a - 27. Determine d(61).
949
Let c(d) = -1522*d - 122423. Determine c(-80).
-663
Let f(x) = 3*x**3 + 150*x**2 - 1002*x - 124. Give f(-56).
-460
Let d(o) = 10849*o + 6006. Determine d(-1).
-4843
Let h(b) = 316*b**2 + 9814*b + 521. What is h(-31)?
-37
Let a(b) = 20761*b + 148426. Give a(-7).
3099
Let k(m) = 1219*m + 49238. Calculate k(-40).
478
Let a(j) = j**2 - 4334*j - 130785. Give a(-30).
135
Let j(u) = 3*u**2 - 155*u - 864. Calculate j(-5).
-14
Let u(l) = -2*l**3 - 30*l**2 - 131*l - 115. Give u(-5).
40
Let r(k) = 5*k**3 - 427*k**2 + 1097*k - 8381. What is r(83)?
2
Let l(r) = -4*r**2 - 99*r + 380. Give l(-30).
-250
Let t(k) = -31*k**2 - 152*k + 576. Give t(4).
-528
Let o(q) = -13*q**3 - 23*q**2 - 85*q - 4. What is o(-5)?
1471
Let s(m) = 84*m - 25916. Give s(303).
-464
Let d(f) = -f**2 - 6827*f + 41031. Determine d(6).
33
Let n(b) = -7127*b - 15535. What is n(-2)?
-1281
Let r(s) = 5729*s + 160438. What is r(-28)?
26
Let o(y) = -977*y + 38052. Determine o(39).
-51
Let q(y) = -y**2 + 6114*y + 190421. What is q(-31)?
-74
Let k(y) = 314*y - 4801. Give k(18).
851
Let r(g) = g**3 + 8*g**2 - 431*g - 1284. What is r(-3)?
54
Let r(z) = 12665*z + 975572. Give r(-77).
367
Let w(d) = -116*d**2 + 952*d + 7221. Calculate w(13).
-7
Let v(q) = -71*q**2 + 258*q - 14. Calculate v(3).
121
Let g(s) = 2246*s + 17744. Give g(-8).
-224
Let s(o) = o**3 + 26*o**2 + 38179*o + 837996. Calculate s(-22).
-6
Let q(l) = -99*l + 2126. What is q(10)?
1136
Let x(t) = -287*t + 1773. Determine x(6).
51
Let b(c) = 2*c**3 - 374*c**2 + 13518*c + 192. Give b(49).
-102
Let f(x) = -x**3 - 153*x**2 - 986*x + 4294. What is f(-146)?
-962
Let b(m) = 411722*m - 823388. Give b(2).
56
Let j(z) = -42*z**3 + 343*z**2 - 52*z - 15. Calculate j(8).
17
Let o(z) = 14034*z + 463003. What is o(-33)?
-119
Let g(x) = -30699*x + 2517321. Calculate g(82).
3
Let z(i) = -16*i**3 + 144*i**2 + 12*i - 119. Calculate z(9).
-11
Let m(v) = -7*v**2 - 121*v + 3610. Determine m(-32).
314
Let m(y) = y**2 + 184049*y + 2392460. Determine m(-13).
-8
Let i(j) = 3*j**2 + 1572*j + 67282. Give i(-47).
25
Let k(q) = 529*q + 3177. Determine k(-6).
3
Let z(c) = 49*c**2 - 3932*c - 7. What is z(0)?
-7
Let r(b) = -b**2 - 191739*b - 1725545. What is r(-9)?
25
Let u(l) = -1388*l + 598139. Determine u(431).
-89
Let x(w) = 1814*w + 29082. Calculate x(-16).
58
Let y(j) = 2*j**2 - 13*j - 34. Calculate y(-6).
116
Let s(u) = -3933*u - 243839. What is s(-62)?
7
Let s(v) = 6037*v - 60375. Calculate s(10).
-5
Let o(x) = x**3 + 16*x**2 - 69*x - 120. Calculate o(-10).
1170
Let m(t) = 522*t - 9433. Give m(19).
485
Let v(m) = 16*m**2 + 3*m + 83. What is v(-10)?
1653
Let n(t) = t**3 + 114*t**2 - 1226*t + 18621. Determine n(-125).
-4
Let q(s) = -11*s**2 + 84*s + 350. What is q(-9)?
-1297
Let w(o) = -10*o**2 + 51*o - 4. Calculate w(3).
59
Let g(h) = -h**3 + 13*h**2 - 97*h + 1067. What is g(12)?
47
Let h(n) = 907*n - 109765. Determine h(121).
-18
Let d(j) = -9*j**3 - 524*j**2 - 121*j + 122. Give d(-58).
412
Let p(h) = -74*h**2 - 3930*h - 45522. Give p(-36).
54
Let l(k) = 237*k - 2459. Calculate l(18).
1807
Let v(z) = 4274*z + 94124. Determine v(-22).
96
Let n(h) = -6421*h + 221. Determine n(0).
221
Let z(n) = -2*n**3 + 163*n**2 + 426*n - 681. Give z(84).
-177
Let m(u) = -19174*u - 57501. Calculate m(-3).
21
Let k(m) = 4*m**3 + 195*m**2 - 54*m - 678. What is k(-49)?
-433
Let l(i) = -60*i**2 + 676*i + 654. Determine l(12).
126
Let l(m) = -320*m**2 - 99518*m + 740. Determine l(-311).
118
Let x(b) = -107*b**2 - 2932*b - 1172. Calculate x(-27).
-11
Let d(f) = -68643*f + 686407. Calculate d(10).
-23
Let l(z) = -5442*z**2 + 125173*z - 85. Give l(23).
76
Let q(g) = -g**2 - 250*g + 2396. Calculate q(10).
-204
Let n(i) = 4168*i - 33385. Calculate n(8).
-41
Let h(k) = 24860*k - 99500. Give h(4).
-60
Let k(i) = i**3 + 43*i**2 - 149*i - 16029. What is k(-32)?
3
Let v(y) = 10768*y + 75391. What is v(-7)?
15
Let s(z) = 7